7223?
True
Is 13 a factor of 13?
True
Is 147 a factor of 2059?
False
Does 13 divide 13650?
True
Is 2546 a multiple of 19?
True
Is 2235 a multiple of 15?
True
Is 9 a factor of 1481?
False
Is 147 a multiple of 8?
False
Is 16846 a multiple of 12?
False
Is 46818 a multiple of 10?
False
Does 89 divide 8900?
True
Does 9 divide 5769?
True
Is 24 a factor of 888?
True
Does 9 divide 6273?
True
Is 1326 a multiple of 51?
True
Is 135 a multiple of 5?
True
Is 4116 a multiple of 12?
True
Does 8 divide 1048?
True
Is 13602 a multiple of 12?
False
Is 34 a factor of 238?
True
Is 2 a factor of 1644?
True
Is 4857 a multiple of 19?
False
Is 70 a factor of 13160?
True
Is 4826 a multiple of 42?
False
Is 9903 a multiple of 91?
False
Is 4473 a multiple of 9?
True
Is 5 a factor of 782?
False
Is 29232 a multiple of 87?
True
Is 2040 a multiple of 24?
True
Is 4 a factor of 15907?
False
Is 8495 a multiple of 2?
False
Is 5418 a multiple of 18?
True
Is 108 a factor of 4206?
False
Does 10 divide 1102?
False
Is 25 a factor of 2338?
False
Does 21 divide 11857?
False
Is 6321 a multiple of 4?
False
Does 37 divide 962?
True
Is 10 a factor of 74?
False
Is 3 a factor of 562?
False
Does 70 divide 2931?
False
Is 16 a factor of 464?
True
Is 29 a multiple of 17?
False
Is 23 a factor of 184?
True
Is 27 a factor of 27?
True
Is 1325 a multiple of 100?
False
Does 8 divide 1048?
True
Does 51 divide 5559?
True
Does 9 divide 2484?
True
Is 2024 a multiple of 23?
True
Is 40 a factor of 200?
True
Is 76 a factor of 2839?
False
Is 33 a factor of 82?
False
Is 5686 a multiple of 176?
False
Is 120 a multiple of 8?
True
Is 20 a factor of 41300?
True
Is 1734 a multiple of 17?
True
Does 9 divide 18?
True
Is 160 a factor of 8711?
False
Does 14 divide 1580?
False
Is 71632 a multiple of 44?
True
Does 16 divide 8776?
False
Is 17 a factor of 14821?
False
Does 18 divide 4288?
False
Does 55 divide 440?
True
Is 6281 a multiple of 31?
False
Does 8 divide 3686?
False
Is 5 a factor of 173?
False
Does 13 divide 507?
True
Does 134 divide 22555?
False
Does 27 divide 906?
False
Is 7 a factor of 4361?
True
Is 36 a factor of 1405?
False
Is 1924 a multiple of 37?
True
Is 14 a factor of 448?
True
Does 60 divide 31912?
False
Is 1029 a multiple of 7?
True
Does 2 divide 177?
False
Does 114 divide 2166?
True
Is 1836 a multiple of 10?
False
Is 120 a factor of 30580?
False
Is 49 a factor of 1375?
False
Is 14 a factor of 1215?
False
Is 1801 a multiple of 11?
False
Is 86 even?
True
Is 74 a factor of 874?
False
Is 6 a factor of 47466?
True
Does 20 divide 174?
False
Does 63 divide 1260?
True
Is 8778 a multiple of 231?
True
Is 34446 a multiple of 94?
False
Does 5 divide 1459?
False
Is 26208 a multiple of 56?
True
Is 3 a factor of 49?
False
Does 121 divide 17061?
True
Is 185 a multiple of 20?
False
Is 14 a factor of 32920?
False
Is 86 a factor of 258?
True
Is 18 a factor of 32058?
True
Is 35 a multiple of 7?
True
Is 599 a multiple of 173?
False
Is 2315 a multiple of 27?
False
Is 1200 a multiple of 24?
True
Is 3 a factor of 5658?
True
Is 56 a factor of 392?
True
Does 13 divide 101322?
True
Does 13 divide 572?
True
Is 47 a factor of 705?
True
Does 37 divide 8180?
False
Does 33 divide 165?
True
Is 16 a factor of 48?
True
Is 5291 a multiple of 143?
True
Does 39 divide 10676?
False
Is 22440 a multiple of 132?
True
Does 171 divide 10773?
True
Is 6082 a multiple of 17?
False
Does 57 divide 2562?
False
Is 1484 a multiple of 14?
True
Is 127 a factor of 29634?
False
Is 1746 a multiple of 14?
False
Is 904 a multiple of 6?
False
Is 143 a factor of 12508?
False
Is 106 a factor of 66201?
False
Is 73 a factor of 2847?
True
Is 17 a factor of 25330?
True
Is 6968 a multiple of 11?
False
Does 49 divide 574?
False
Is 1388 a multiple of 13?
False
Is 71 a factor of 1065?
True
Is 4349 a multiple of 56?
False
Is 106052 a multiple of 18?
False
Does 13 divide 842?
False
Is 2694 a multiple of 3?
True
Is 3159 a multiple of 27?
True
Is 58724 a multiple of 71?
False
Does 17 divide 4505?
True
Is 5874 a multiple of 89?
True
Does 116 divide 18212?
True
Is 173 a multiple of 12?
False
Does 49 divide 20328?
False
Is 31 a factor of 18104?
True
Is 43 a factor of 555?
False
Is 18 a factor of 154092?
False
Is 167 a multiple of 111?
False
Does 14 divide 1510?
False
Is 18 a factor of 7158?
False
Is 56 a factor of 952?
True
Does 4 divide 252?
True
Is 24 a factor of 27293?
False
Is 17 a factor of 1751?
True
Is 116 a factor of 6496?
True
Is 34 a factor of 3228?
False
Is 6762 a multiple of 147?
True
Does 49 divide 50996?
False
Is 88 a factor of 968?
True
Is 33 a factor of 5559?
False
Does 14 divide 1505?
False
Is 744 a multiple of 8?
True
Is 46 a factor of 3266?
True
Is 745 a multiple of 16?
False
Does 139 divide 1529?
True
Is 1264 a multiple of 21?
False
Is 14256 a multiple of 162?
True
Is 39360 a multiple of 225?
False
Is 103 a factor of 2070?
False
Is 3823 a multiple of 18?
False
Does 14 divide 504?
True
Is 33 a factor of 1056?
True
Is 3320 a multiple of 12?
False
Is 2647 a multiple of 37?
False
Does 64 divide 3264?
True
Is 27021 a multiple of 24?
False
Does 17 divide 6344?
False
Is 4700 a multiple of 47?
True
Does 151 divide 1208?
True
Is 27 a factor of 711?
False
Is 5046 a multiple of 10?
False
Is 2 a factor of 148?
True
Is 4950 a multiple of 25?
True
Is 5 a factor of 83?
False
Is 21 a factor of 467?
False
Is 3 a factor of 81?
True
Is 242 a multiple of 11?
True
Does 20 divide 460?
True
Is 297 a multiple of 9?
True
Is 19250 a multiple of 125?
True
Is 297 a multiple of 11?
True
Is 40 a factor of 18059?
False
Does 16 divide 197792?
True
Is 7 a factor of 5782?
True
Does 12 divide 492?
True
Is 506 a multiple of 46?
True
Is 20 a factor of 15483?
False
Is 9461 a multiple of 123?
False
Is 17 a factor of 1581?
True
Is 34 a factor of 4988?
False
Is 381 a multiple of 21?
False
Does 16 divide 3872?
True
Is 350 a factor of 83055?
False
Does 6 divide 7716?
True
Is 36 a factor of 1152?
True
Does 80 divide 62299?
False
Is 8327 a multiple of 15?
False
Is 1485 a multiple of 16?
False
Is 2816 a multiple of 11?
True
Is 230 a multiple of 5?
True
Does 52 divide 988?
True
Does 15 divide 79545?
True
Is 2592 a multiple of 3?
True
Is 4 a factor of 1096?
True
Does 4 divide 19579?
False
Does 28 divide 588?
True
Is 107 a factor of 13161?
True
Is 164 a multiple of 82?
True
Is 49 a factor of 2062?
False
Is 18 a factor of 162?
True
Is 34 a factor of 11008?
False
Is 78 a factor of 142?
False
Is 36 a factor of 2744?
False
Is 116 a factor of 7888?
True
Is 232 a multiple of 4?
True
Is 11 a factor of 80058?
True
Is 119728 a multiple of 39?
False
Does 55 divide 825?
True
Is 220 a multiple of 5?
True
Does 22 divide 1877?
False
Does 14 divide 8725?
False
Is 28 a factor of 1712?
False
Is 1621 a multiple of 12?
False
Is 6 a factor of 936?
True
Is 67 a factor of 76934?
False
Is 152 a factor of 53808?
True
Is 60 a factor of 1784?
False
Does 5 divide 3297?
False
Is 35 a factor of 20790?
True
Is 4644 a multiple of 33?
False
Is 11362 a multiple of 46?
True
Is 3340 a multiple of 20?
True
Does 20 divide 520?
True
Does 24 divide 40728?
True
Is 28 a factor of 1117?
False
Is 6226 even?
True
Is 852 a multiple of 6?
True
Is 1040 a multiple of 40?
True
Is 42165 a multiple of 13?
False
Does 2 divide 1182?
True
Is 2239 a multiple of 18?
False
Is 19 a factor of 2907?
True
Does 193 divide 27406?
True
Is 60 a multiple of 6?
True
Is 532 a multiple of 28?
True
Does 39 divide 4799?
False
Does 41 divide 14227?
True
Does 172 divide 3440?
True
Is 504 a multiple of 12?
True
Does 46 divide 401?
False
Is 5668 a multiple of 109?
True
Does 16 divide 832?
True
Does 77 divide 4543?
True
Does 104 divide 6968?
True
Does 11 divide 3091?
True
Does 22 divide 2496?
False
Is 181 a factor of 2172?
True
Does 7 divide 1732?
False
Is 635 a multiple of 17?
False
Does 115 divide 2530?
True
Is 383 a multiple of 14?
False
Is 27 a factor of 482?
False
Is 60 a factor of 10494?
False
Does 40 divide 48800?
True
Is 12 a factor of 5418?
False
Does 13 divide 156?
True
Is 23 a factor of 46?
True
Is 54 a factor of 883?
False
Is 9 a factor of 18?
True
Is 9 a factor of 135?
True
Is 1508 a multiple of 116?
True
Is 70101 a multiple of 134?
False
Is 2863 a multiple of 7?
True
Does 16 divide 3728?
True
Is 137148 a multiple of 66?
True
Is 6 a factor of 84?
True
Is 108108 a